 - z = -2*m + 253, s*m + 2*z = 982. What is the tens digit of m?
4
Suppose 0 = -4*l - 4*g + 136, 2*l + 4*g = -0*l + 70. Suppose -l - 141 = -6*y. What is the units digit of y?
9
Suppose 0 = -60*q + 59*q + 170. What is the hundreds digit of q?
1
Suppose 0 = -20*y + 1505 + 775. Let g(m) = 43*m**3 + m. Let s be g(-1). Let l = s + y. What is the units digit of l?
0
Suppose -5*l + 2229 = -2*b, -3*l - b + 2130 = 797. What is the tens digit of l?
4
Suppose -7*l + 11*l + 168 = 0. Let o be (l/35)/((-3)/10). Suppose 2*s = o*j + 26, -3*s + s - 4*j + 2 = 0. What is the units digit of s?
7
Suppose k - 6*k = -30. Suppose -12 = -4*v - 3*d, k*d - 2*d + 3 = v. Suppose -2*i + v*x = -1, -5*i + 4*x + 3 = -2*i. What is the units digit of i?
5
Let a = 1502 - 519. What is the hundreds digit of a?
9
Suppose -11*f - 589 + 8124 = 0. What is the tens digit of f?
8
Let a(y) = 422*y**2 - 15*y + 37. What is the units digit of a(2)?
5
Let g be 2 + (-830)/(-5) + 0. Suppose 0 = 2*q + 56 - g. Suppose -q = 6*m - 10*m. What is the tens digit of m?
1
Let g be 6/33 + 40/22. Let j(q) = 10*q**3 + 2*q - 2. Let o be j(g). Let u = -43 + o. What is the units digit of u?
9
Suppose -7*j = 4*v - 3*j - 20, -3*v - 4*j = -20. Suppose 2*p + v*p = -18. Let c = 9 - p. What is the units digit of c?
8
Let b(v) = -14*v + 35. What is the units digit of b(-26)?
9
Let y = -16 - -35. Suppose o - 3*o = 3*u + y, -2*o + 21 = -5*u. What is the units digit of (2 - -19)/((-5)/u)?
1
Let g = 0 + 1. Suppose 8*h = 13*h - 145. Let j = h + g. What is the tens digit of j?
3
Suppose -2*p - 14 = -2*i, -5*i + p + 27 + 4 = 0. Suppose -i = -0*l - 6*l. What is the units digit of l?
1
Let c(b) = -b**2 - 43*b - 153. What is the units digit of c(-25)?
7
Let u(x) = x**3 + 5*x**2 - 2*x. What is the hundreds digit of u(4)?
1
Let t be 8/20*5*(3 - 1). Suppose -t*y + 4*l + 200 = -2*y, -5*y = l - 500. What is the hundreds digit of y?
1
Let c be (-9)/((-36)/16) + 0. Suppose 0*w + 5*r - 554 = -2*w, c*r = 0. What is the units digit of w?
7
Suppose 5*j + 3*c = 72, 4*j = j + 4*c + 49. Suppose -j + 0 = -5*v. Suppose 0 + 1 = n, -4*n = -v*m + 56. What is the tens digit of m?
2
Let v(n) = 54*n - 38. What is the tens digit of v(4)?
7
Let m(b) = 25*b**2 + b - 1. Let k be m(1). Suppose o - 6*o = 2*l - 15, 2*l = 3*o - k. Suppose 0 = -o*z + 94 + 1. What is the tens digit of z?
1
Let o be (1*-1)/(1/49). Suppose 3*z - 51 = 3*m, 4*z - 14 = m + 2*z. Let v = m - o. What is the units digit of v?
9
Let k = -1045 - -1785. What is the hundreds digit of k?
7
Suppose 8*h - 10 = 14. Suppose -h*m + 5*l = -8*m + 445, 3*m - 3*l = 237. What is the units digit of m?
4
Suppose 0 = -x - 2*x + 1533. What is the tens digit of x?
1
Let j(k) = -139*k + 71. What is the hundreds digit of j(-13)?
8
Suppose -26*l + 3675 = -5*l. What is the tens digit of l?
7
Let c(s) = 2*s**2 + s - 1. Let v be c(-2). Let x(d) = -d + 12. Let p be x(v). Suppose -p*t + 3*t = -116. What is the units digit of t?
9
Let s(z) = 12 + 11*z**2 - z + 18*z**2 - 30*z**2. Suppose -3*l = -l. What is the tens digit of s(l)?
1
Let f = 9 - 0. Let g(n) = 0 - 8 + 2*n + 2. What is the tens digit of g(f)?
1
Suppose 3*t - 28 + 4 = -3*s, -3*s + 4 = -2*t. What is the tens digit of 203/14 + 2/s?
1
Suppose 0 = -2*y - 0*y + 436. What is the units digit of y?
8
Suppose -3*i + x = -176, -58 = -i - 4*x + 5*x. Let a = 101 + -67. Let m = i - a. What is the units digit of m?
5
Suppose 3*h + 0*h = 1917. What is the tens digit of (h/18)/((-1)/(-2))?
7
Suppose -214 - 108 = -i + l, -4*i + 1253 = 3*l. What is the hundreds digit of i?
3
Let m = 733 - -2015. What is the tens digit of m?
4
Let j(c) = -974*c - 426. What is the units digit of j(-3)?
6
Suppose 0 = 2*r - 2 - 4. Suppose -r*b - 12 = b. What is the tens digit of 2/b - (-65)/3?
2
Let r(g) = -695*g**3 + 3*g**2 + 4*g + 2. What is the hundreds digit of r(-1)?
6
Let c(d) be the first derivative of 8*d**2 - d + 3. Let b be c(2). Suppose 16 = w - 4*i, -3*w - 2*i = 3*i - b. What is the units digit of w?
2
Suppose -4*s = 0, -26*s = -5*c - 23*s + 285. What is the units digit of c?
7
Let s(b) = 5*b + 2. Let d be s(7). Suppose -d = u - 2*u. Let q = u - 19. What is the units digit of q?
8
Suppose q - 290 = -2*q - 2*m, -3*q + 275 = 5*m. Suppose y + 5*b - q = -2*y, -b = -3*y + 124. What is the tens digit of y?
4
Suppose -12 = -2*t + 24. Suppose 6 = -2*w, 5*w - 15 = -2*n + t. Suppose -n = -4*u + 3*u. What is the units digit of u?
4
Let t(i) = 2*i + 9. Let m be t(8). Suppose -3*l = 2*a - 31, 4*a + 3*l + m = 102. Suppose f - a = 16. What is the tens digit of f?
3
Let g be (((-6)/4)/((-27)/36))/(-1). Let q = g - -73. What is the tens digit of q?
7
Let k(q) = q**3 - 8*q**2 - 16*q - 2. What is the units digit of k(12)?
2
Let g(m) = -m + 23. Let a(w) = 8 + 4*w**2 - w**3 + 5*w**2 - w - w**2. Let i be a(8). What is the units digit of g(i)?
3
Suppose 2*f - 3*x = 114, -7 - 1 = -4*x. Suppose 0 = r - 3*k - f, 2*k - 120 = -2*r - 3*k. What is the units digit of r?
0
Let b = -1541 - -2619. What is the hundreds digit of b?
0
Suppose 401 = -4*g + 5*i, 4*g + 2*i - i = -395. Let s = 197 + g. What is the units digit of s?
8
Let k(d) = -3*d**2 + 129*d - 29. What is the units digit of k(38)?
1
Let g = -6 + 16. Let l = g - -1. Let w = l - -2. What is the tens digit of w?
1
Let n(x) = x - 1. Let u be n(0). Let b be u + (-3)/3 + -3. Let f = 9 + b. What is the units digit of f?
4
Suppose -3*p + w - 6 = -2*w, -2*p - 1 = w. Let z be 116 - 1 - (3 - p). What is the units digit of 1/3*z + -4?
3
Suppose 0 = 2*w + 4*w. Suppose w = o + 5*r - 14, -o + 45 - 15 = -3*r. What is the tens digit of o?
2
Suppose -2*p = -4*p + 6, 0 = -5*b + 5*p - 170. Let j = 25 + b. What is the units digit of (j/18)/((-1)/12)?
4
Suppose 77 = 8*f + 21. Suppose -11*d = -f*d - 420. What is the units digit of d?
5
Let u be 10/(-4)*-6*1. Let j = u + -18. What is the tens digit of (-51)/15*15/j?
1
Let n(y) be the second derivative of 4*y + 1/20*y**5 - 1/2*y**2 + 1/6*y**4 - 1/3*y**3 + 0. What is the tens digit of n(2)?
1
Let y(m) = m + 15 + m - 18 - 15*m**2 + 0*m. Let r be y(2). Let z = 86 + r. What is the tens digit of z?
2
Let q(n) = -2*n - 45. Let r be q(-26). Let y(h) = h**3 - 5*h**2 - 9*h - 9. What is the tens digit of y(r)?
2
Suppose -8998 - 3123 = -23*d. What is the hundreds digit of d?
5
Suppose 56*s = -16*s + 91152. What is the hundreds digit of s?
2
Suppose -2*h + 64 = 2*n, 2*n - 3*h = -n + 126. Suppose 5*m - 262 = -n. What is the tens digit of 2/(-3 + 141/m)?
1
Let j = 57 + -42. What is the hundreds digit of (-308)/(-33)*j/1?
1
Let q = -388 + 1223. What is the tens digit of q?
3
Let j(w) = -3*w - 11. Let k be j(-7). Let x = 11 - k. What is the units digit of x?
1
Let b(v) = 2 - 6*v**2 + 0 + 33*v**2 + 4*v**2 - 4*v. What is the tens digit of b(2)?
1
Let y be -17 + 32 - (-1 - -2). Let w = y - -120. What is the units digit of w?
4
Let a(r) = -r**3 + r**2 + 3*r + 10. Let s be a(-4). Suppose -3*k + 57 = -0*k. Suppose -16*v + k*v - s = 0. What is the tens digit of v?
2
Let q = 7 - -30. Suppose q = -2*s - 3*m, -m = -2*s - 3*m - 36. Let h = s - -60. What is the tens digit of h?
4
Let q(f) = 4*f - 150. Let o be q(0). Let v = 388 + o. What is the tens digit of v?
3
Let i(y) = -4 - 23*y - 2*y + 2. What is the units digit of i(-1)?
3
Let b = 14 - -57. Let i = b + -45. What is the tens digit of i?
2
Let f be 1*(-2 - (2 + (-12)/4)). Let h(c) = -59*c**3 + 3*c + 3. What is the tens digit of h(f)?
5
Let y = 142 - 253. Let w = 119 + y. What is the units digit of w?
8
Let l(h) = h**2 - 5*h. Let v be l(-5). Suppose -j = -6*j + v. Suppose 3*b - j = b. What is the units digit of b?
5
Suppose 397 = n - 495. Suppose 10*u = 6*u + n. What is the tens digit of u?
2
Suppose 5*a - 16 = a. Suppose -a*s = -s - 123. What is the tens digit of s?
4
Suppose 32 + 12 = 4*w. Suppose -w*t + 225 = -6*t. Suppose -t = -5*z + 10. What is the tens digit of z?
1
Suppose 10*w - 371 + 41 = 0. Let j = 71 - w. What is the tens digit of j?
3
Let b(r) = -5 - 2 - r - 2 + 0. Let q be b(-7). Let w = 16 + q. What is the units digit of w?
4
Suppose i - 67 - 72 = 0. Suppose -3*l - 3*c = -105, l - 5*l + i = 5*c. What is the tens digit of l?
3
Suppose -z - t - 15 = -165, 4*z - 576 = 2*t. What is the units digit of z?
6
Let c be (1 - 0)/((-7)/28). What is the units digit of 181 + c + 9 + -3?
3
L